{"id":2,"date":"2017-10-19T20:44:52","date_gmt":"2017-10-19T18:44:52","guid":{"rendered":"http:\/\/kast-aigner.de\/?page_id=2"},"modified":"2025-02-06T10:22:55","modified_gmt":"2025-02-06T09:22:55","slug":"beispiel-seite","status":"publish","type":"page","link":"https:\/\/www.kast-aigner.de\/","title":{"rendered":"Herzlich willkommen bei der Kanzlei Kast &amp; Aigner!"},"content":{"rendered":"<p>Unsere <strong>Rechtsanwaltskanzlei<\/strong> befindet sich in der historischen Hofmark Gern, verkehrsg\u00fcnstig in <strong>Eggenfelden<\/strong> gelegen.<\/p>\n<p>Bei Rechtsfragen im Bereich des <strong>Zivilrechts<\/strong> sind wir f\u00fcr Sie aufgrund unserer fachkundigen Beratung und qualifizierten Betreuung ein zuverl\u00e4ssiger Partner. <strong>Rechtsberatung<\/strong> und <strong>Vertragsgestaltung<\/strong> sind die Kernkompetenzen der <strong>Kanzlei Kast &amp; Aigner<\/strong>.<\/p>\n<p>Wir verfolgen einen <strong>volldigitalen Ansatz<\/strong> und setzen dabei auf modernste Technik. So verwenden wir bereits seit Jahren Legal-Tech-Tools. In der elektronischen E-Akte erfolgt die Mandatsbetreuung auf Seiten der Kanzlei ausschlie\u00dflich digital. Selbstverst\u00e4ndlich stehen wir Ihnen auch weiterhin pers\u00f6nlich zur Verf\u00fcgung.<\/p>\n<p>Die Recherche schwieriger Rechtsfragen erfolgt in unserer <strong>elektronischen Kanzleibibliothek<\/strong>, in welcher der jeweils aktuelle Stand der Rechtsprechung abgebildet ist. Der Nachrichtenaustausch erfolgt &#8211; je nach Wunsch &#8211; rein digital, wobei die datenschutzrechtlichen Vorgaben stets gewahrt sind.<\/p>\n<p>Der Austausch von Informationen und Unterlagen mit unseren Mandanten kann durch den Einsatz einer sog. \u201e<strong>Online-Akte<\/strong>\u201c in Echtzeit erfolgen. Selbstverst\u00e4ndlich besteht f\u00fcr Sie keine Verpflichtung, die Online-Akte zu nutzen.<\/p>\n<p>Bei unserer t\u00e4glichen Arbeit unterst\u00fctzen uns modernste KI-Systeme. Wir arbeiten eng mit f\u00fchrenden Unternehmen im Bereich <strong>Legal-Tech<\/strong> zusammen. Dabei unterst\u00fctzen wir die Entwicklung spezieller auf den juristischen Bedarf ausgerichteter KI-Systeme.<\/p>\n<p>Wir sind deutschlandweit t\u00e4tig. Selbst bei gr\u00f6\u00dferen Entfernungen zum Rottal ist ein pers\u00f6nlicher Kontakt per Videotelefonie sichergestellt. So k\u00f6nnen wir seit langem den pers\u00f6nlichen Kontakt zu unseren \u00a0Mandanten in ganz Deutschland und angrenzenden europ\u00e4ischen L\u00e4ndern halten. Gerne stehen wir Ihnen in unseren repr\u00e4sentativen R\u00e4umlichkeiten auch weiterhin nach vorheriger Terminabsprache pers\u00f6nlich zur Verf\u00fcgung.<\/p>\n<p>Auf den nachfolgenden Seiten erhalten Sie einen detaillierten \u00dcberblick zu unserer Kanzlei sowie den Schwerpunkten unserer T\u00e4tigkeit.<\/p>\n\n\n<table style=\"border-collapse: collapse; width: 100%;\">\n<tbody>\n<tr>\n<td style=\"width: 33.3333%; border-style: none;\"><strong>Florian Kast<\/strong><\/td>\n<td style=\"width: 33.3333%; border-style: none;\"><strong>Sebastian Aigner<\/strong><\/td>\n<td style=\"width: 33.3333%; border-style: none;\"><strong>Tanja Leitermann<\/strong><\/td>\n<\/tr>\n<tr>\n<td style=\"width: 33.3333%; border-style: none;\">Rechtsanwalt\/Partner<\/td>\n<td style=\"width: 33.3333%; border-style: none;\">Rechtsanwalt\/Partner<\/td>\n<td style=\"width: 33.3333%; border-style: none;\">Rechtsanw\u00e4ltin<\/td>\n<\/tr>\n<\/tbody>\n<\/table>\n","protected":false},"excerpt":{"rendered":"<p>Unsere Rechtsanwaltskanzlei befindet sich in der historischen Hofmark Gern, verkehrsg\u00fcnstig in Eggenfelden gelegen. Bei Rechtsfragen im Bereich des Zivilrechts sind wir f\u00fcr Sie aufgrund unserer fachkundigen Beratung und qualifizierten Betreuung ein zuverl\u00e4ssiger Partner. Rechtsberatung und Vertragsgestaltung sind die Kernkompetenzen der Kanzlei Kast &amp; Aigner. Wir verfolgen einen volldigitalen Ansatz und setzen dabei auf modernste Technik&#8230;.<\/p>\n","protected":false},"author":1,"featured_media":0,"parent":0,"menu_order":0,"comment_status":"closed","ping_status":"open","template":"","meta":{"footnotes":""},"class_list":["post-2","page","type-page","status-publish","hentry"],"_links":{"self":[{"href":"https:\/\/www.kast-aigner.de\/index.php?rest_route=\/wp\/v2\/pages\/2","targetHints":{"allow":["GET"]}}],"collection":[{"href":"https:\/\/www.kast-aigner.de\/index.php?rest_route=\/wp\/v2\/pages"}],"about":[{"href":"https:\/\/www.kast-aigner.de\/index.php?rest_route=\/wp\/v2\/types\/page"}],"author":[{"embeddable":true,"href":"https:\/\/www.kast-aigner.de\/index.php?rest_route=\/wp\/v2\/users\/1"}],"replies":[{"embeddable":true,"href":"https:\/\/www.kast-aigner.de\/index.php?rest_route=%2Fwp%2Fv2%2Fcomments&post=2"}],"version-history":[{"count":58,"href":"https:\/\/www.kast-aigner.de\/index.php?rest_route=\/wp\/v2\/pages\/2\/revisions"}],"predecessor-version":[{"id":54221,"href":"https:\/\/www.kast-aigner.de\/index.php?rest_route=\/wp\/v2\/pages\/2\/revisions\/54221"}],"wp:attachment":[{"href":"https:\/\/www.kast-aigner.de\/index.php?rest_route=%2Fwp%2Fv2%2Fmedia&parent=2"}],"curies":[{"name":"wp","href":"https:\/\/api.w.org\/{rel}","templated":true}]}}